330 a multiple of 35?
True
Is 3564938 a multiple of 6?
False
Is 1294041 a multiple of 21?
True
Does 8 divide 25246?
False
Is 40 a factor of 2130905?
False
Is 519 a factor of 1039167?
False
Is 268172 a multiple of 4?
True
Is 4447370 a multiple of 80?
False
Is 607893 a multiple of 507?
True
Is 188244 a multiple of 84?
True
Is 558 a factor of 708222?
False
Does 6 divide 13998?
True
Is 1144829 a multiple of 48?
False
Is 234 a factor of 230744?
False
Does 9 divide 8385961?
False
Does 46 divide 363665?
False
Does 16 divide 22751?
False
Is 417 a factor of 15518?
False
Is 44 a factor of 69652?
True
Is 4190413 a multiple of 258?
False
Is 17 a factor of 20485?
True
Is 351624 a multiple of 147?
True
Does 4 divide 656697?
False
Is 281008 a multiple of 33?
False
Is 1739257 a multiple of 8?
False
Is 4960 a multiple of 160?
True
Is 1164727 a multiple of 10?
False
Does 30 divide 16494270?
True
Is 3661320 a multiple of 13?
True
Is 47 a factor of 1110241?
False
Is 172 a factor of 262573?
False
Is 7390004 a multiple of 41?
True
Is 2746380 a multiple of 15?
True
Is 9 a factor of 372640?
False
Does 27 divide 46926?
True
Is 30851 a multiple of 3?
False
Does 15 divide 34951587?
False
Is 178426 a multiple of 345?
False
Is 13999 a multiple of 10?
False
Is 1384617 a multiple of 11?
False
Is 18 a factor of 80622?
True
Does 56 divide 4041744?
True
Is 1724220 a multiple of 9?
True
Is 4 a factor of 46138?
False
Does 7 divide 3718405?
False
Is 6264000 a multiple of 750?
True
Does 148 divide 38776?
True
Does 12 divide 12674719?
False
Is 3969 a multiple of 21?
True
Is 23 a factor of 8027?
True
Is 193 a factor of 1354091?
False
Is 1732 a factor of 2539544?
False
Is 140209 a multiple of 72?
False
Is 958626 a multiple of 6?
True
Is 5 a factor of 43776?
False
Is 1517 a factor of 6659368?
False
Is 440 a factor of 371552?
False
Is 328 a factor of 85280?
True
Does 71 divide 3411038?
False
Is 90217 a multiple of 34?
False
Is 1756 a factor of 20476716?
True
Is 3 a factor of 140557?
False
Does 1064 divide 18465937?
False
Is 1416163 even?
False
Is 67592 a multiple of 157?
False
Is 9509650 a multiple of 25?
True
Is 122 a factor of 12773?
False
Does 742 divide 485419?
False
Does 96 divide 904704?
True
Is 10605 a multiple of 4?
False
Does 16 divide 90672?
True
Is 90 a factor of 39534?
False
Is 73 a factor of 261267?
True
Does 176 divide 1399531?
False
Does 115 divide 39675?
True
Is 132756 a multiple of 23?
True
Is 11833 a multiple of 64?
False
Is 72013 a multiple of 23?
True
Does 19 divide 76511?
False
Is 1245583 a multiple of 75?
False
Does 11 divide 290939?
True
Does 83 divide 277220?
True
Does 258 divide 109134?
True
Is 37 a factor of 3380690?
True
Is 136 a factor of 52072?
False
Is 3 a factor of 621767?
False
Does 7 divide 107869?
False
Is 69594 a multiple of 42?
True
Is 1372463 a multiple of 31?
True
Does 12 divide 308568?
True
Is 628975 a multiple of 25?
True
Is 21 a factor of 9861706?
False
Is 489 a factor of 412227?
True
Is 16 a factor of 852743?
False
Does 54 divide 928938?
False
Is 144 a factor of 262080?
True
Is 253511 a multiple of 8?
False
Is 22 a factor of 966075?
False
Is 111343 a multiple of 24?
False
Is 9 a factor of 1590534?
True
Is 10343450 a multiple of 25?
True
Is 71 a factor of 112732?
False
Does 17 divide 138856?
True
Does 14 divide 3404922?
False
Does 123 divide 24815594?
False
Is 1817248 a multiple of 6?
False
Is 321900 a multiple of 435?
True
Is 148 a factor of 3876209?
False
Does 9 divide 124156?
False
Is 47 a factor of 1381681?
False
Is 221 a factor of 748306?
True
Is 19 a factor of 234536?
True
Is 315 a factor of 143325?
True
Is 1076285 a multiple of 49?
True
Is 315 a factor of 784980?
True
Does 19 divide 811547?
True
Does 6 divide 16981?
False
Does 29 divide 287079?
False
Is 46942 a multiple of 14?
True
Does 1084 divide 23793800?
True
Does 62 divide 362873?
False
Is 28 a factor of 181300?
True
Is 5829112 a multiple of 16?
False
Does 28 divide 167160?
True
Does 32 divide 322388?
False
Does 4 divide 584?
True
Is 1411410 a multiple of 22?
True
Is 27 a factor of 29349?
True
Is 68 a factor of 472876?
False
Is 8 a factor of 311008?
True
Is 2248461 a multiple of 31?
True
Does 23 divide 302955?
False
Is 1384903 a multiple of 13?
True
Does 14 divide 329998?
False
Is 729183 a multiple of 13?
True
Is 24 a factor of 1250844?
False
Is 28860 a multiple of 65?
True
Is 145 a factor of 57347?
False
Is 1125719 a multiple of 156?
False
Does 286 divide 42331?
False
Does 10 divide 234820?
True
Is 13 a factor of 33037688?
False
Is 182902 a multiple of 47?
False
Is 124 a factor of 394929?
False
Is 251 a factor of 550945?
True
Is 21 a factor of 234738?
True
Is 1431540 a multiple of 9?
True
Is 1315376 a multiple of 111?
False
Does 692 divide 1141800?
True
Is 31440 a multiple of 131?
True
Does 97 divide 1034894?
False
Is 337716 a multiple of 177?
True
Is 8 a factor of 927885?
False
Is 162208 a multiple of 74?
True
Is 710 a factor of 1015471?
False
Does 139 divide 113304?
False
Is 13 a factor of 25649?
True
Does 192 divide 195840?
True
Is 44 a factor of 2559031?
False
Is 721824 a multiple of 16?
True
Is 49 a factor of 2871752?
False
Is 622 a factor of 676114?
True
Is 66512 a multiple of 66?
False
Is 533 a factor of 49525?
False
Does 4 divide 120809?
False
Is 34773 a multiple of 201?
True
Is 391 a multiple of 21?
False
Does 108 divide 788786?
False
Is 52 a factor of 29016?
True
Is 31 a factor of 125705?
True
Is 1553750 a multiple of 110?
True
Does 53 divide 1192553?
True
Does 22 divide 460856?
True
Is 139 a factor of 1109951?
False
Is 58882 a multiple of 59?
True
Is 192604 a multiple of 179?
True
Does 10 divide 1056699?
False
Does 599 divide 281530?
True
Does 988 divide 17163678?
False
Is 38 a factor of 1762858?
True
Is 263 a factor of 453938?
True
Does 132 divide 26492?
False
Is 467957 a multiple of 48?
False
Is 383303 a multiple of 17?
False
Is 7041744 a multiple of 619?
True
Does 99 divide 275302?
False
Is 1232393 a multiple of 228?
False
Is 28 a factor of 67396?
True
Does 27 divide 1325960?
False
Is 243805 a multiple of 8?
False
Is 7664852 a multiple of 116?
False
Is 159302 a multiple of 22?
True
Does 1764 divide 9213372?
True
Is 5 a factor of 466134?
False
Is 33 a factor of 4893570?
True
Is 4124400 a multiple of 15?
True
Is 117213 a multiple of 13?
False
Is 8 a factor of 623016?
True
Is 149 a factor of 2980745?
True
Is 3 a factor of 113460?
True
Is 21 a factor of 9286?
False
Does 190 divide 4528476?
False
Is 65 a factor of 196689?
False
Is 1618415 a multiple of 9?
False
Is 112925 a multiple of 14?
False
Is 23198 a multiple of 20?
False
Is 15 a factor of 975?
True
Does 71 divide 115446?
True
Does 194 divide 442741?
False
Is 466496 a multiple of 37?
True
Is 39 a factor of 5265000?
True
Does 1380 divide 8057242?
False
Is 1067360 a multiple of 280?
True
Does 304 divide 186847?
False
Is 14 a factor of 2230522?
True
Is 17795645 a multiple of 2939?
True
Does 24 divide 334135?
False
Is 23598 a multiple of 207?
True
Is 24 a factor of 191184?
True
Is 45 a factor of 1123740?
True
Is 184864 a multiple of 26?
False
Is 465609 a multiple of 53?
False
Is 2 a factor of 35658?
True
Is 205 a factor of 184705?
True
Is 88 a factor of 1227588?
False
Is 18 a factor of 506880?
True
Does 37 divide 172011?
False
Is 1295840 a multiple of 52?
True
Is 84 a factor of 89628?
True
Is 107730 a multiple of 30?
True
Is 457177 a multiple of 105?
False
Does 146 divide 2254240?
True
Is 1156 a factor of 7969464?
True
Is 372208 a multiple of 86?
True
Is 55680 a multiple of 145?
True
Is 250828 a multiple of 4?
True
Is 9 a factor of 37683?
True
Does 115 divide 583090?
False
Does 6 divide 50190?
True
Is 1408131 a multiple of 12?
False
Is 740066 a multiple of 618?
False
Is 7844459 a multiple of 49?
True
Is 50720 a multiple of 19?
False
Does 14 divide 2738778?
True
Does 301 divide 3656286?
False
Is 61768 a multiple of 41?
False
Is 1366099 a multiple of 141?
False
Is 138 a factor of 401415?
False
Is 313198 a multiple of 6?
False
Is 82 a factor of 28618?
True
Is 68800 a multiple of 14?
False
Is 1822594 a multiple of 38?
True
Is 1626008 a multiple of 92?
True
Does 494 divide 7161518?
True
Does 26 divide 42198?
True
Does 9 divide 46431?
True
Is 7 a factor of 75442?
False
Does 17 divide 90850?
False
Is 28390 a multiple of 5?
T